{"id":1369,"date":"2025-05-23T19:30:33","date_gmt":"2025-05-23T19:30:33","guid":{"rendered":"https:\/\/gerichtsmuseum.com\/?page_id=1369"},"modified":"2026-02-22T18:55:40","modified_gmt":"2026-02-22T18:55:40","slug":"projekte","status":"publish","type":"page","link":"https:\/\/gerichtsmuseum.com\/?page_id=1369","title":{"rendered":"Projekte"},"content":{"rendered":"\n<hr class=\"wp-block-separator has-alpha-channel-opacity\"\/>\n\n\n\n<p class=\"has-pale-cyan-blue-background-color has-background has-medium-font-size\"><strong>WDR-Zeitzeichen-Podcast<\/strong>: <\/p>\n\n\n\n<p class=\"has-medium-font-size\"><br>\u201e04.05.1630: Die neunj\u00e4hrige Christine Teipel wird als Hexe verbrannt.\u201c<\/p>\n\n\n\n<figure class=\"wp-block-table aligncenter has-medium-font-size\"><table class=\"has-white-color has-luminous-vivid-amber-background-color has-text-color has-background has-link-color\"><tbody><tr><td><a href=\"https:\/\/www1.wdr.de\/mediathek\/audio\/zeitzeichen\/audio-christine-teipel-wird-mit--jahren-als-hexe-hingerichtet-100.html\">WDR 5 Podcast<\/a><\/td><\/tr><\/tbody><\/table><\/figure>\n\n\n\n<p class=\"has-medium-font-size\"><\/p>\n\n\n\n<hr class=\"wp-block-separator has-alpha-channel-opacity\"\/>\n\n\n\n<p><\/p>\n\n\n\n<p class=\"has-pale-cyan-blue-background-color has-background has-medium-font-size\">Kunst Meets History<\/p>\n\n\n\n<p style=\"font-size:30px\"><\/p>\n\n\n\n<div class=\"wp-block-media-text is-stacked-on-mobile\"><figure class=\"wp-block-media-text__media\"><img loading=\"lazy\" decoding=\"async\" width=\"366\" height=\"311\" src=\"https:\/\/gerichtsmuseum.com\/wp-content\/uploads\/2025\/07\/Kunst_meets_history-1.jpg\" alt=\"\" class=\"wp-image-1468 size-full\" srcset=\"https:\/\/gerichtsmuseum.com\/wp-content\/uploads\/2025\/07\/Kunst_meets_history-1.jpg 366w, https:\/\/gerichtsmuseum.com\/wp-content\/uploads\/2025\/07\/Kunst_meets_history-1-300x255.jpg 300w\" sizes=\"auto, (max-width: 366px) 100vw, 366px\" \/><\/figure><div class=\"wp-block-media-text__content\">\n<p class=\"has-medium-font-size\">Das Gerichtsmuseum Bad Fredeburg, Sch\u00fcler der Schule am Wilzenberg in Schmallenberg und die Jugendkunstschule Schmallenberg setzten sich mit der Verfolgung von Minderheiten im Nationalsozialismus auseinander.<\/p>\n<\/div><\/div>\n\n\n\n<p class=\"has-medium-font-size\"><\/p>\n\n\n\n<figure class=\"wp-block-image size-large\"><a href=\"https:\/\/gerichtsmuseum.com\/wp-content\/uploads\/2025\/07\/kmh_Amtsgericht_22_05_2025.jpg\"><img loading=\"lazy\" decoding=\"async\" width=\"1024\" height=\"529\" src=\"https:\/\/gerichtsmuseum.com\/wp-content\/uploads\/2025\/07\/kmh_Amtsgericht_22_05_2025-1024x529.jpg\" alt=\"\" class=\"wp-image-1440\" srcset=\"https:\/\/gerichtsmuseum.com\/wp-content\/uploads\/2025\/07\/kmh_Amtsgericht_22_05_2025-1024x529.jpg 1024w, https:\/\/gerichtsmuseum.com\/wp-content\/uploads\/2025\/07\/kmh_Amtsgericht_22_05_2025-300x155.jpg 300w, https:\/\/gerichtsmuseum.com\/wp-content\/uploads\/2025\/07\/kmh_Amtsgericht_22_05_2025-768x397.jpg 768w, https:\/\/gerichtsmuseum.com\/wp-content\/uploads\/2025\/07\/kmh_Amtsgericht_22_05_2025-1536x793.jpg 1536w, https:\/\/gerichtsmuseum.com\/wp-content\/uploads\/2025\/07\/kmh_Amtsgericht_22_05_2025-2048x1057.jpg 2048w\" sizes=\"auto, (max-width: 1024px) 100vw, 1024px\" \/><\/a><figcaption class=\"wp-element-caption\"><em>Im Sitzungssaal des Amtsgerichts mit der Klasse 8b<\/em><\/figcaption><\/figure>\n\n\n\n<p class=\"has-black-color has-text-color has-medium-font-size\"><strong>Ein Sch\u00fcler-Workshop zur Aufarbeitung der Minderheitengeschichte im Nationalsozialismus<\/strong><\/p>\n\n\n\n<p class=\"has-black-color has-text-color has-medium-font-size\">Das Kultur.Labor HSK \u2013 vertreten durch Nelja L\u00fchrs \u2013 brachte Sch\u00fclerinnen und Sch\u00fcler der Schule am Wilzenberg, das Gerichtsmuseum und die Jugendkunstschule in einem Workshop zusammen.<\/p>\n\n\n\n<div class=\"wp-block-otfm-box-spoiler-start otfm-sp__wrapper otfm-sp__box js-otfm-sp-box__closed otfm-sp__b7d7e8\" role=\"button\" tabindex=\"0\" aria-expanded=\"false\" data-otfm-spc=\"#b7d7e8\" style=\"text-align:left\"><div class=\"otfm-sp__title\"><strong>Lesen Sie mehr&#8230;<\/strong><\/div><\/div>\n\n\n\n<p>Die Jugendlichen der Jahrgangstufe 9 setzten sich dabei in sensibler Weise mit der Verfolgung von Minderheiten im nationalsozialistischen Deutschland auseinander.<\/p>\n\n\n\n<p>An mehreren Tagen besuchten drei Klassen das Gerichtsmuseum und das Amtsgericht in Bad Fredeburg. Dort lie\u00df die Richterin Dr. Christina Behle-Cordes sie an den Aufgaben und T\u00e4tigkeiten eines Amtsgerichts teilhaben.<\/p>\n\n\n\n<p>Das Gerichtsmuseum im Dachgeschoss begeisterte die Sch\u00fclerinnen und Sch\u00fcler mit dem vielf\u00e4ltigen Angebot der Justizgeschichte: Sie konnten erfahren, wie es sich anf\u00fchlt, bei Wasser und Brot in einer Gef\u00e4ngniszelle eingesperrt zu sein, oder als preu\u00dfischer Richter in einer Robe eine Gerichtsverhandlung mit einem Richterstab zu f\u00fchren.<\/p>\n\n\n\n<p>Aber es ging um noch mehr: Im Gerichtsmuseum lernten die Jugendlichen die Schicksale eines Ehepaares der Sinti und Roma und einer an einer neurologischen Behinderung erkrankten jungen Frau kennen, die w\u00e4hrend der NS-Zeit im Stadtgebiet Schmallenberg lebten.<\/p>\n\n\n\n<p>Dagmar Str\u00e4ter-M\u00fcller und RA Jan E. M\u00fcller, Mitglieder des Museumsvereins, hatten in den Akten des Stadtarchivs Schmallenberg nach ihnen gesucht und stellten sie nun den Sch\u00fclern und Sch\u00fclerinnen vor: Menschen, die nicht in das Bild der nationalsozialistischen Ideologie passten und vorverurteilt, ausgegrenzt und verfolgt wurden.<\/p>\n\n\n\n<p>Noch am gleichen Schultag setzten sich die Jugendlichen kreativ k\u00fcnstlerisch mit ihren Eindr\u00fccken in Begleitung der Leiterin der Jugendkunstschule Schmallenberg, Beate Herrmann, auseinander.<\/p>\n\n\n\n<p>Eine Woche sp\u00e4ter pr\u00e4sentierten die Sch\u00fclerinnen und Sch\u00fcler der drei Klassen ihre Ergebnisse in der Schule. Vielf\u00e4ltig und individuell hatten die Jugendlichen ihre Eindr\u00fccke verwandelt: in Texte, grafisch gestaltete Fahnen, pers\u00f6nliche Kurzvideos, Gem\u00e4lde und Comic-Bilder, worin sie ihre Erkenntnisse, Gef\u00fchle und Meinungen widerspiegelten. Sowohl die Arbeit an dem Thema als auch mit den teilnehmenden Institutionen \u2013 dar\u00fcber waren sich alle Beteiligten einig \u2013 bildeten eine lebendige Bereicherung des schulischen Geschichtsunterrichts.<\/p>\n\n\n\n<p class=\"has-black-color has-white-background-color has-text-color has-background has-link-color wp-elements-18bc78fc6f4e68213880307499cd044a\"><\/p>\n\n\n\n<div class=\"wp-block-otfm-box-spoiler-end otfm-sp_end\"><\/div>\n\n\n\n<hr class=\"wp-block-separator has-alpha-channel-opacity is-style-wide\"\/>\n\n\n\n<p class=\"has-pale-cyan-blue-background-color has-background has-medium-font-size\"><strong>Das QR-Code-Projekt<\/strong><\/p>\n\n\n\n<p class=\"has-medium-font-size\"><strong>Was wir machen \u2026<\/strong><\/p>\n\n\n\n<p>Wir, Dagmar Str\u00e4ter-M\u00fcller und Gilbert F\u00f6rtsch vom Gerichtsmuseum Bad Fredeburg e. V. , sammeln Wissenswertes \u00fcber denkmalgesch\u00fctzte H\u00e4user im Stadtgebiet Schmallenberg wie Informationen zur Architektur, \u00fcber die Geschichte des Geb\u00e4udes und ihre Bedeutung f\u00fcr das Leben in der Stadt fr\u00fcher und heute.<\/p>\n\n\n\n<p class=\"has-medium-font-size\"><strong>Wie wir t\u00e4tig sind \u2026<\/strong><\/p>\n\n\n\n<p>Wir recherchieren in Archiven, Literatur und privaten Sammlungen, f\u00fchren pers\u00f6nliche Gespr\u00e4che mit Zeitzeugen und tragen diese Informationen zusammen. Mittels eines QR-Codes, am jeweiligen Geb\u00e4ude angebracht, lassen wir die H\u00e4user nun selbst erz\u00e4hlen, was im Laufe der Zeit mit ihnen und in ihnen geschah.<\/p>\n\n\n\n<figure class=\"wp-block-table aligncenter has-medium-font-size\"><table class=\"has-white-color has-luminous-vivid-amber-background-color has-text-color has-background has-link-color\"><tbody><tr><td><a href=\"https:\/\/www.qr-57392.de\/projekte\" data-type=\"link\" data-id=\"https:\/\/www.qr-57392.de\/projekte\">Zum QR-Projekt<\/a><\/td><\/tr><\/tbody><\/table><\/figure>\n\n\n\n<p>F\u00fcnf Projekte sind online. An weiteren wird gearbeitet.<\/p>\n\n\n\n<p><\/p>\n","protected":false},"excerpt":{"rendered":"<p>WDR-Zeitzeichen-Podcast: \u201e04.05.1630: Die neunj\u00e4hrige Christine Teipel wird als Hexe verbrannt.\u201c WDR 5 Podcast Kunst Meets History Das Gerichtsmuseum Bad Fredeburg, Sch\u00fcler der Schule am Wilzenberg in Schmallenberg und die Jugendkunstschule [&hellip;]<\/p>\n","protected":false},"author":1,"featured_media":0,"parent":0,"menu_order":0,"comment_status":"closed","ping_status":"closed","template":"","meta":{"footnotes":""},"class_list":["post-1369","page","type-page","status-publish","czr-hentry"],"_links":{"self":[{"href":"https:\/\/gerichtsmuseum.com\/index.php?rest_route=\/wp\/v2\/pages\/1369","targetHints":{"allow":["GET"]}}],"collection":[{"href":"https:\/\/gerichtsmuseum.com\/index.php?rest_route=\/wp\/v2\/pages"}],"about":[{"href":"https:\/\/gerichtsmuseum.com\/index.php?rest_route=\/wp\/v2\/types\/page"}],"author":[{"embeddable":true,"href":"https:\/\/gerichtsmuseum.com\/index.php?rest_route=\/wp\/v2\/users\/1"}],"replies":[{"embeddable":true,"href":"https:\/\/gerichtsmuseum.com\/index.php?rest_route=%2Fwp%2Fv2%2Fcomments&post=1369"}],"version-history":[{"count":67,"href":"https:\/\/gerichtsmuseum.com\/index.php?rest_route=\/wp\/v2\/pages\/1369\/revisions"}],"predecessor-version":[{"id":1550,"href":"https:\/\/gerichtsmuseum.com\/index.php?rest_route=\/wp\/v2\/pages\/1369\/revisions\/1550"}],"wp:attachment":[{"href":"https:\/\/gerichtsmuseum.com\/index.php?rest_route=%2Fwp%2Fv2%2Fmedia&parent=1369"}],"curies":[{"name":"wp","href":"https:\/\/api.w.org\/{rel}","templated":true}]}}

<hr class="wp-block-separator has-alpha-channel-opacity"/>



<p class="has-pale-cyan-blue-background-color has-background has-medium-font-size"><strong>WDR-Zeitzeichen-Podcast</strong>: </p>



<p class="has-medium-font-size"><br>„04.05.1630: Die neunjährige Christine Teipel wird als Hexe verbrannt.“</p>



<figure class="wp-block-table aligncenter has-medium-font-size"><table class="has-white-color has-luminous-vivid-amber-background-color has-text-color has-background has-link-color"><tbody><tr><td><a href="https://www1.wdr.de/mediathek/audio/zeitzeichen/audio-christine-teipel-wird-mit--jahren-als-hexe-hingerichtet-100.html">WDR 5 Podcast</a></td></tr></tbody></table></figure>



<p class="has-medium-font-size"></p>



<hr class="wp-block-separator has-alpha-channel-opacity"/>



<p></p>



<p class="has-pale-cyan-blue-background-color has-background has-medium-font-size">Kunst Meets History</p>



<p style="font-size:30px"></p>



<div class="wp-block-media-text is-stacked-on-mobile"><figure class="wp-block-media-text__media"><img loading="lazy" decoding="async" width="366" height="311" src="https://gerichtsmuseum.com/wp-content/uploads/2025/07/Kunst_meets_history-1.jpg" alt="" class="wp-image-1468 size-full" srcset="https://gerichtsmuseum.com/wp-content/uploads/2025/07/Kunst_meets_history-1.jpg 366w, https://gerichtsmuseum.com/wp-content/uploads/2025/07/Kunst_meets_history-1-300x255.jpg 300w" sizes="auto, (max-width: 366px) 100vw, 366px" /></figure><div class="wp-block-media-text__content">
<p class="has-medium-font-size">Das Gerichtsmuseum Bad Fredeburg, Schüler der Schule am Wilzenberg in Schmallenberg und die Jugendkunstschule Schmallenberg setzten sich mit der Verfolgung von Minderheiten im Nationalsozialismus auseinander.</p>
</div></div>



<p class="has-medium-font-size"></p>



<figure class="wp-block-image size-large"><a href="https://gerichtsmuseum.com/wp-content/uploads/2025/07/kmh_Amtsgericht_22_05_2025.jpg"><img loading="lazy" decoding="async" width="1024" height="529" src="https://gerichtsmuseum.com/wp-content/uploads/2025/07/kmh_Amtsgericht_22_05_2025-1024x529.jpg" alt="" class="wp-image-1440" srcset="https://gerichtsmuseum.com/wp-content/uploads/2025/07/kmh_Amtsgericht_22_05_2025-1024x529.jpg 1024w, https://gerichtsmuseum.com/wp-content/uploads/2025/07/kmh_Amtsgericht_22_05_2025-300x155.jpg 300w, https://gerichtsmuseum.com/wp-content/uploads/2025/07/kmh_Amtsgericht_22_05_2025-768x397.jpg 768w, https://gerichtsmuseum.com/wp-content/uploads/2025/07/kmh_Amtsgericht_22_05_2025-1536x793.jpg 1536w, https://gerichtsmuseum.com/wp-content/uploads/2025/07/kmh_Amtsgericht_22_05_2025-2048x1057.jpg 2048w" sizes="auto, (max-width: 1024px) 100vw, 1024px" /></a><figcaption class="wp-element-caption"><em>Im Sitzungssaal des Amtsgerichts mit der Klasse 8b</em></figcaption></figure>



<p class="has-black-color has-text-color has-medium-font-size"><strong>Ein Schüler-Workshop zur Aufarbeitung der Minderheitengeschichte im Nationalsozialismus</strong></p>



<p class="has-black-color has-text-color has-medium-font-size">Das Kultur.Labor HSK – vertreten durch Nelja Lührs – brachte Schülerinnen und Schüler der Schule am Wilzenberg, das Gerichtsmuseum und die Jugendkunstschule in einem Workshop zusammen.</p>



<div class="wp-block-otfm-box-spoiler-start otfm-sp__wrapper otfm-sp__box js-otfm-sp-box__closed otfm-sp__b7d7e8" role="button" tabindex="0" aria-expanded="false" data-otfm-spc="#b7d7e8" style="text-align:left"><div class="otfm-sp__title"><strong>Lesen Sie mehr&#8230;</strong></div></div>



<p>Die Jugendlichen der Jahrgangstufe 9 setzten sich dabei in sensibler Weise mit der Verfolgung von Minderheiten im nationalsozialistischen Deutschland auseinander.</p>



<p>An mehreren Tagen besuchten drei Klassen das Gerichtsmuseum und das Amtsgericht in Bad Fredeburg. Dort ließ die Richterin Dr. Christina Behle-Cordes sie an den Aufgaben und Tätigkeiten eines Amtsgerichts teilhaben.</p>



<p>Das Gerichtsmuseum im Dachgeschoss begeisterte die Schülerinnen und Schüler mit dem vielfältigen Angebot der Justizgeschichte: Sie konnten erfahren, wie es sich anfühlt, bei Wasser und Brot in einer Gefängniszelle eingesperrt zu sein, oder als preußischer Richter in einer Robe eine Gerichtsverhandlung mit einem Richterstab zu führen.</p>



<p>Aber es ging um noch mehr: Im Gerichtsmuseum lernten die Jugendlichen die Schicksale eines Ehepaares der Sinti und Roma und einer an einer neurologischen Behinderung erkrankten jungen Frau kennen, die während der NS-Zeit im Stadtgebiet Schmallenberg lebten.</p>



<p>Dagmar Sträter-Müller und RA Jan E. Müller, Mitglieder des Museumsvereins, hatten in den Akten des Stadtarchivs Schmallenberg nach ihnen gesucht und stellten sie nun den Schülern und Schülerinnen vor: Menschen, die nicht in das Bild der nationalsozialistischen Ideologie passten und vorverurteilt, ausgegrenzt und verfolgt wurden.</p>



<p>Noch am gleichen Schultag setzten sich die Jugendlichen kreativ künstlerisch mit ihren Eindrücken in Begleitung der Leiterin der Jugendkunstschule Schmallenberg, Beate Herrmann, auseinander.</p>



<p>Eine Woche später präsentierten die Schülerinnen und Schüler der drei Klassen ihre Ergebnisse in der Schule. Vielfältig und individuell hatten die Jugendlichen ihre Eindrücke verwandelt: in Texte, grafisch gestaltete Fahnen, persönliche Kurzvideos, Gemälde und Comic-Bilder, worin sie ihre Erkenntnisse, Gefühle und Meinungen widerspiegelten. Sowohl die Arbeit an dem Thema als auch mit den teilnehmenden Institutionen – darüber waren sich alle Beteiligten einig – bildeten eine lebendige Bereicherung des schulischen Geschichtsunterrichts.</p>



<p class="has-black-color has-white-background-color has-text-color has-background has-link-color wp-elements-18bc78fc6f4e68213880307499cd044a"></p>



<div class="wp-block-otfm-box-spoiler-end otfm-sp_end"></div>



<hr class="wp-block-separator has-alpha-channel-opacity is-style-wide"/>



<p class="has-pale-cyan-blue-background-color has-background has-medium-font-size"><strong>Das QR-Code-Projekt</strong></p>



<p class="has-medium-font-size"><strong>Was wir machen …</strong></p>



<p>Wir, Dagmar Sträter-Müller und Gilbert Förtsch vom Gerichtsmuseum Bad Fredeburg e. V. , sammeln Wissenswertes über denkmalgeschützte Häuser im Stadtgebiet Schmallenberg wie Informationen zur Architektur, über die Geschichte des Gebäudes und ihre Bedeutung für das Leben in der Stadt früher und heute.</p>



<p class="has-medium-font-size"><strong>Wie wir tätig sind …</strong></p>



<p>Wir recherchieren in Archiven, Literatur und privaten Sammlungen, führen persönliche Gespräche mit Zeitzeugen und tragen diese Informationen zusammen. Mittels eines QR-Codes, am jeweiligen Gebäude angebracht, lassen wir die Häuser nun selbst erzählen, was im Laufe der Zeit mit ihnen und in ihnen geschah.</p>



<figure class="wp-block-table aligncenter has-medium-font-size"><table class="has-white-color has-luminous-vivid-amber-background-color has-text-color has-background has-link-color"><tbody><tr><td><a href="https://www.qr-57392.de/projekte" data-type="link" data-id="https://www.qr-57392.de/projekte">Zum QR-Projekt</a></td></tr></tbody></table></figure>



<p>Fünf Projekte sind online. An weiteren wird gearbeitet.</p>



<p></p>

<p>WDR-Zeitzeichen-Podcast: „04.05.1630: Die neunjährige Christine Teipel wird als Hexe verbrannt.“ WDR 5 Podcast Kunst Meets History Das Gerichtsmuseum Bad Fredeburg, Schüler der Schule am Wilzenberg in Schmallenberg und die Jugendkunstschule [&hellip;]</p>
