{"id":189,"date":"2022-01-06T11:08:49","date_gmt":"2022-01-06T11:08:49","guid":{"rendered":"https:\/\/gerichtsmuseum.com\/?page_id=189"},"modified":"2025-06-01T09:46:42","modified_gmt":"2025-06-01T09:46:42","slug":"titelseite","status":"publish","type":"page","link":"https:\/\/gerichtsmuseum.com\/","title":{"rendered":"Startseite"},"content":{"rendered":"\n<p class=\"has-text-align-center has-text-color\" style=\"color:#157ebb;font-size:28px\"><strong>Einzigartig in Deutschland<\/strong><\/p>\n\n\n\n<p><\/p>\n\n\n\n<figure class=\"wp-block-image size-full is-resized is-style-default\"><a href=\"https:\/\/gerichtsmuseum.com\/wp-content\/uploads\/2024\/02\/arbeitsplatz_richter_2024.jpg\"><img loading=\"lazy\" decoding=\"async\" width=\"1823\" height=\"1067\" src=\"https:\/\/gerichtsmuseum.com\/wp-content\/uploads\/2024\/02\/arbeitsplatz_richter_2024.jpg\" alt=\"\" class=\"wp-image-888\" style=\"width:1128px;height:auto\" srcset=\"https:\/\/gerichtsmuseum.com\/wp-content\/uploads\/2024\/02\/arbeitsplatz_richter_2024.jpg 1823w, https:\/\/gerichtsmuseum.com\/wp-content\/uploads\/2024\/02\/arbeitsplatz_richter_2024-300x176.jpg 300w, https:\/\/gerichtsmuseum.com\/wp-content\/uploads\/2024\/02\/arbeitsplatz_richter_2024-1024x599.jpg 1024w, https:\/\/gerichtsmuseum.com\/wp-content\/uploads\/2024\/02\/arbeitsplatz_richter_2024-768x450.jpg 768w, https:\/\/gerichtsmuseum.com\/wp-content\/uploads\/2024\/02\/arbeitsplatz_richter_2024-1536x899.jpg 1536w\" sizes=\"auto, (max-width: 1823px) 100vw, 1823px\" \/><\/a><figcaption class=\"wp-element-caption\">Blick in die Amtsstube<\/figcaption><\/figure>\n\n\n\n<p class=\"has-text-align-right has-small-font-size\"><\/p>\n\n\n\n<p class=\"has-text-align-center has-medium-font-size\">Besuchen Sie unser 300 qm gro\u00dfes Museum im Amtsgerichtsgeb\u00e4ude von Bad Fredeburg. <\/p>\n\n\n\n<p class=\"has-text-align-center has-black-color has-luminous-vivid-amber-background-color has-text-color has-background has-link-color wp-elements-60699f2b55a1cbb35d43bfea004284f9\"><a href=\"https:\/\/youtu.be\/Y0dykOrE1E4?si=sCSvGPp4zR7i1ZYS\" data-type=\"link\" data-id=\"https:\/\/youtu.be\/Y0dykOrE1E4?si=sCSvGPp4zR7i1ZYS\">Video-Einf\u00fchrungspr\u00e4sentation<\/a><\/p>\n\n\n\n<p class=\"has-text-align-center has-black-color has-text-color has-link-color wp-elements-30190648eb7287f83b8fc1a726cfe387\" style=\"font-size:20px\"><strong>\u00d6ffnungszeiten:<\/strong>&nbsp;<br>Das Museum ist zu Zeiten der&nbsp;<strong><a href=\"https:\/\/gerichtsmuseum.com\/?page_id=49\" target=\"_blank\" rel=\"noreferrer noopener\">F\u00fchrungen<\/a>&nbsp;<\/strong>ge\u00f6ffnet.&nbsp;<\/p>\n\n\n\n<p class=\"has-text-align-center has-black-color has-text-color\" style=\"font-size:20px\"><\/p>\n\n\n\n<p class=\"has-text-align-center has-black-color has-text-color has-link-color wp-elements-f38be9779de9644629023077126305ff\" style=\"font-size:18px\"><\/p>\n\n\n\n<p class=\"has-text-align-center\" style=\"font-size:20px\"><strong>Anschrift:&nbsp;<\/strong><br>Im Ohle 6, 57392 Schmallenberg-Bad Fredeburg<\/p>\n\n\n\n<p class=\"has-text-align-center\" style=\"font-size:18px\"><\/p>\n\n\n\n<p><\/p>\n\n\n\n<p class=\"has-text-align-center has-black-color has-text-color has-link-color wp-elements-8287ed9af1ce89b04e522121b827eb32\" style=\"font-size:20px\"><strong>Ansprechpartner:<\/strong><br>Josef Raulf, Tel: 02974 900 222<br><br>oder: Dagmar Str\u00e4ter-M\u00fcller, Tel: 02974 7005<\/p>\n\n\n\n<p><\/p>\n","protected":false},"excerpt":{"rendered":"<p>Einzigartig in Deutschland Besuchen Sie unser 300 qm gro\u00dfes Museum im Amtsgerichtsgeb\u00e4ude von Bad Fredeburg. Video-Einf\u00fchrungspr\u00e4sentation \u00d6ffnungszeiten:&nbsp;Das Museum ist zu Zeiten der&nbsp;F\u00fchrungen&nbsp;ge\u00f6ffnet.&nbsp; Anschrift:&nbsp;Im Ohle 6, 57392 Schmallenberg-Bad Fredeburg Ansprechpartner:Josef Raulf, [&hellip;]<\/p>\n","protected":false},"author":1,"featured_media":0,"parent":0,"menu_order":0,"comment_status":"closed","ping_status":"closed","template":"","meta":{"footnotes":""},"class_list":["post-189","page","type-page","status-publish","czr-hentry"],"_links":{"self":[{"href":"https:\/\/gerichtsmuseum.com\/index.php?rest_route=\/wp\/v2\/pages\/189","targetHints":{"allow":["GET"]}}],"collection":[{"href":"https:\/\/gerichtsmuseum.com\/index.php?rest_route=\/wp\/v2\/pages"}],"about":[{"href":"https:\/\/gerichtsmuseum.com\/index.php?rest_route=\/wp\/v2\/types\/page"}],"author":[{"embeddable":true,"href":"https:\/\/gerichtsmuseum.com\/index.php?rest_route=\/wp\/v2\/users\/1"}],"replies":[{"embeddable":true,"href":"https:\/\/gerichtsmuseum.com\/index.php?rest_route=%2Fwp%2Fv2%2Fcomments&post=189"}],"version-history":[{"count":112,"href":"https:\/\/gerichtsmuseum.com\/index.php?rest_route=\/wp\/v2\/pages\/189\/revisions"}],"predecessor-version":[{"id":1421,"href":"https:\/\/gerichtsmuseum.com\/index.php?rest_route=\/wp\/v2\/pages\/189\/revisions\/1421"}],"wp:attachment":[{"href":"https:\/\/gerichtsmuseum.com\/index.php?rest_route=%2Fwp%2Fv2%2Fmedia&parent=189"}],"curies":[{"name":"wp","href":"https:\/\/api.w.org\/{rel}","templated":true}]}}

<p class="has-text-align-center has-text-color" style="color:#157ebb;font-size:28px"><strong>Einzigartig in Deutschland</strong></p>



<p></p>



<figure class="wp-block-image size-full is-resized is-style-default"><a href="https://gerichtsmuseum.com/wp-content/uploads/2024/02/arbeitsplatz_richter_2024.jpg"><img loading="lazy" decoding="async" width="1823" height="1067" src="https://gerichtsmuseum.com/wp-content/uploads/2024/02/arbeitsplatz_richter_2024.jpg" alt="" class="wp-image-888" style="width:1128px;height:auto" srcset="https://gerichtsmuseum.com/wp-content/uploads/2024/02/arbeitsplatz_richter_2024.jpg 1823w, https://gerichtsmuseum.com/wp-content/uploads/2024/02/arbeitsplatz_richter_2024-300x176.jpg 300w, https://gerichtsmuseum.com/wp-content/uploads/2024/02/arbeitsplatz_richter_2024-1024x599.jpg 1024w, https://gerichtsmuseum.com/wp-content/uploads/2024/02/arbeitsplatz_richter_2024-768x450.jpg 768w, https://gerichtsmuseum.com/wp-content/uploads/2024/02/arbeitsplatz_richter_2024-1536x899.jpg 1536w" sizes="auto, (max-width: 1823px) 100vw, 1823px" /></a><figcaption class="wp-element-caption">Blick in die Amtsstube</figcaption></figure>



<p class="has-text-align-right has-small-font-size"></p>



<p class="has-text-align-center has-medium-font-size">Besuchen Sie unser 300 qm großes Museum im Amtsgerichtsgebäude von Bad Fredeburg. </p>



<p class="has-text-align-center has-black-color has-luminous-vivid-amber-background-color has-text-color has-background has-link-color wp-elements-60699f2b55a1cbb35d43bfea004284f9"><a href="https://youtu.be/Y0dykOrE1E4?si=sCSvGPp4zR7i1ZYS" data-type="link" data-id="https://youtu.be/Y0dykOrE1E4?si=sCSvGPp4zR7i1ZYS">Video-Einführungspräsentation</a></p>



<p class="has-text-align-center has-black-color has-text-color has-link-color wp-elements-30190648eb7287f83b8fc1a726cfe387" style="font-size:20px"><strong>Öffnungszeiten:</strong>&nbsp;<br>Das Museum ist zu Zeiten der&nbsp;<strong><a href="https://gerichtsmuseum.com/?page_id=49" target="_blank" rel="noreferrer noopener">Führungen</a>&nbsp;</strong>geöffnet.&nbsp;</p>



<p class="has-text-align-center has-black-color has-text-color" style="font-size:20px"></p>



<p class="has-text-align-center has-black-color has-text-color has-link-color wp-elements-f38be9779de9644629023077126305ff" style="font-size:18px"></p>



<p class="has-text-align-center" style="font-size:20px"><strong>Anschrift:&nbsp;</strong><br>Im Ohle 6, 57392 Schmallenberg-Bad Fredeburg</p>



<p class="has-text-align-center" style="font-size:18px"></p>



<p></p>



<p class="has-text-align-center has-black-color has-text-color has-link-color wp-elements-8287ed9af1ce89b04e522121b827eb32" style="font-size:20px"><strong>Ansprechpartner:</strong><br>Josef Raulf, Tel: 02974 900 222<br><br>oder: Dagmar Sträter-Müller, Tel: 02974 7005</p>



<p></p>

<p>Einzigartig in Deutschland Besuchen Sie unser 300 qm großes Museum im Amtsgerichtsgebäude von Bad Fredeburg. Video-Einführungspräsentation Öffnungszeiten:&nbsp;Das Museum ist zu Zeiten der&nbsp;Führungen&nbsp;geöffnet.&nbsp; Anschrift:&nbsp;Im Ohle 6, 57392 Schmallenberg-Bad Fredeburg Ansprechpartner:Josef Raulf, [&hellip;]</p>
