{"id":47,"date":"2021-12-27T16:48:57","date_gmt":"2021-12-27T16:48:57","guid":{"rendered":"https:\/\/gerichtsmuseum.com\/?page_id=47"},"modified":"2025-05-24T21:47:43","modified_gmt":"2025-05-24T21:47:43","slug":"museum","status":"publish","type":"page","link":"https:\/\/gerichtsmuseum.com\/?page_id=47","title":{"rendered":"Museum"},"content":{"rendered":"\n<div class=\"wp-block-media-text is-stacked-on-mobile\" style=\"grid-template-columns:15% auto\"><figure class=\"wp-block-media-text__media\"><img loading=\"lazy\" decoding=\"async\" width=\"610\" height=\"1024\" src=\"https:\/\/gerichtsmuseum.com\/wp-content\/uploads\/2025\/05\/Justitia-610x1024.gif\" alt=\"Justitia in Lebensgr\u00f6\u00dfe im Museum.\" class=\"wp-image-1375 size-full\" srcset=\"https:\/\/gerichtsmuseum.com\/wp-content\/uploads\/2025\/05\/Justitia-610x1024.gif 610w, https:\/\/gerichtsmuseum.com\/wp-content\/uploads\/2025\/05\/Justitia-179x300.gif 179w, https:\/\/gerichtsmuseum.com\/wp-content\/uploads\/2025\/05\/Justitia-768x1290.gif 768w, https:\/\/gerichtsmuseum.com\/wp-content\/uploads\/2025\/05\/Justitia-914x1536.gif 914w, https:\/\/gerichtsmuseum.com\/wp-content\/uploads\/2025\/05\/Justitia-1219x2048.gif 1219w\" sizes=\"auto, (max-width: 610px) 100vw, 610px\" \/><\/figure><div class=\"wp-block-media-text__content\">\n<p class=\"has-medium-font-size\"><strong>Justitia &#8211; Symbol der Gerechtigkeit. <\/strong><\/p>\n\n\n\n<p class=\"has-medium-font-size\">Bronzestatue Ende 19. Jahrhundert (justitia &#8211; lat. = Gerechtigkeit).\u00a0<\/p>\n<\/div><\/div>\n\n\n<p class=\"has-medium-font-size\">Dieses in Deutschland einzigartige Museum zeigt auf \u00fcber 300 qm Fl\u00e4che Requisiten aus der Justizgeschichte. Historische Gerichtsst\u00e4tten, eine Gef\u00e4ngniszelle mit originalem Inventar, ehemaliges B\u00fcroinventar aus Amtsgerichten sowie eine historische Gerichtsbibliothek zeigen die Welt der Justiz von fr\u00fcher.<\/p>\n<p><!-- \/wp:post-content --><\/p>\n<p><!-- wp:paragraph --><\/p>\n<p><!-- \/wp:paragraph --><\/p>\n<p><!-- wp:group {\"align\":\"wide\",\"layout\":{\"type\":\"constrained\"}} --><\/p>\n<div class=\"wp-block-group alignwide\"><!-- wp:group {\"align\":\"wide\",\"layout\":{\"type\":\"constrained\"}} -->\n<div class=\"wp-block-group alignwide\"><!-- wp:group {\"align\":\"wide\",\"layout\":{\"type\":\"constrained\"}} -->\n<div class=\"wp-block-group alignwide\"><!-- wp:media-text {\"align\":\"wide\",\"mediaId\":317,\"mediaLink\":\"https:\/\/gerichtsmuseum.com\/?attachment_id=317\",\"linkDestination\":\"custom\",\"mediaType\":\"image\",\"mediaWidth\":40,\"mediaSizeSlug\":\"medium\",\"isStackedOnMobile\":false,\"verticalAlignment\":\"center\",\"imageFill\":false,\"style\":{\"elements\":{\"link\":{\"color\":{\"text\":\"var:preset|color|black\"}}}},\"textColor\":\"black\"} -->\n<div class=\"wp-block-media-text alignwide is-vertically-aligned-center has-black-color has-text-color has-link-color\" style=\"grid-template-columns: 40% auto;\">\n<figure><a href=\"https:\/\/youtu.be\/Y0dykOrE1E4?si=sCSvGPp4zR7i1ZYS\"><img decoding=\"async\" src=\"https:\/\/gerichtsmuseum.com\/wp-content\/uploads\/2022\/01\/amtsstube3-300x174.jpg\" alt=\"\" \/><\/a><\/figure>\n<div class=\"wp-block-media-text__content\"><!-- wp:paragraph {\"placeholder\":\"Inhalt\u2026\",\"style\":{\"elements\":{\"link\":{\"color\":{\"text\":\"var:preset|color|black\"}}},\"typography\":{\"fontSize\":\"16px\"}},\"textColor\":\"black\"} -->\n<p class=\"has-black-color has-text-color has-link-color\" style=\"font-size: 16px;\"><a href=\"https:\/\/youtu.be\/Y0dykOrE1E4?si=sCSvGPp4zR7i1ZYS\" target=\"_blank\" rel=\"noreferrer noopener\"><strong><span style=\"color: #333333;\">Video<\/span> <\/strong><\/a><br \/><a href=\"https:\/\/youtu.be\/Y0dykOrE1E4?si=sCSvGPp4zR7i1ZYS\" target=\"_blank\" rel=\"noreferrer noopener\"><strong><span style=\"color: #333333;\">Einf\u00fchrungspr\u00e4sentation<\/span> <\/strong><\/a><\/p>\n<p><!-- \/wp:paragraph --><\/p>\n<\/div>\n<\/div>\n<p><!-- \/wp:media-text --><\/p>\n<\/div>\n<p><!-- \/wp:group --><\/p>\n<\/div>\n<p><!-- \/wp:group --><\/p>\n<\/div>\n<p><!-- \/wp:group --><\/p>\n<p><!-- wp:paragraph --><\/p>\n<p><!-- \/wp:paragraph --><\/p>\n<p><!-- wp:paragraph {\"fontSize\":\"medium\"} --><\/p>\n<p class=\"has-medium-font-size\">Das Gerichtsmuseum Bad Fredeburg befindet sich\u00a0im Dachgeschoss des Amtsgerichtsgeb\u00e4udes Bad Fredeburg, Im Ohle 6.<\/p>\n<p><!-- \/wp:paragraph --><\/p>\n<p><!-- wp:paragraph {\"fontSize\":\"medium\"} --><\/p>\n<p class=\"has-medium-font-size\">Die Bad Fredeburger Gerichtsbarkeit kann auf eine \u00fcber siebenhundertj\u00e4hrige Geschichte zur\u00fcckschauen. Bereits im Jahr 1301 belegte der Edelherr von Bilstein in einer Urkunde einen gewissen Johann von Apentrop mit dem Titel &#8220;Greve&#8221;, was so viel hei\u00dft wie &#8220;Markenrichter&#8221;.<\/p>\n<p><!-- \/wp:paragraph --><\/p>\n<p><!-- wp:image {\"id\":107,\"sizeSlug\":\"large\",\"linkDestination\":\"media\"} --><\/p>\n<figure class=\"wp-block-image size-large\"><a href=\"https:\/\/gerichtsmuseum.com\/wp-content\/uploads\/2021\/12\/amtsgericht_ansicht_10_20.jpg\" data-wp-editing=\"1\"><img loading=\"lazy\" decoding=\"async\" width=\"1024\" height=\"639\" class=\"wp-image-107\" src=\"https:\/\/gerichtsmuseum.com\/wp-content\/uploads\/2021\/12\/amtsgericht_ansicht_10_20-1024x639.jpg\" alt=\"\" srcset=\"https:\/\/gerichtsmuseum.com\/wp-content\/uploads\/2021\/12\/amtsgericht_ansicht_10_20-1024x639.jpg 1024w, https:\/\/gerichtsmuseum.com\/wp-content\/uploads\/2021\/12\/amtsgericht_ansicht_10_20-300x187.jpg 300w, https:\/\/gerichtsmuseum.com\/wp-content\/uploads\/2021\/12\/amtsgericht_ansicht_10_20-768x479.jpg 768w, https:\/\/gerichtsmuseum.com\/wp-content\/uploads\/2021\/12\/amtsgericht_ansicht_10_20-1536x958.jpg 1536w, https:\/\/gerichtsmuseum.com\/wp-content\/uploads\/2021\/12\/amtsgericht_ansicht_10_20.jpg 1900w\" sizes=\"auto, (max-width: 1024px) 100vw, 1024px\" \/><\/a><\/figure>\n<p><!-- \/wp:image --><\/p>\n<p><!-- wp:image {\"id\":1016,\"sizeSlug\":\"large\",\"linkDestination\":\"media\"} --><\/p>\n<figure class=\"wp-block-image size-large\"><a href=\"https:\/\/gerichtsmuseum.com\/wp-content\/uploads\/2024\/02\/arbeitswelt_2024.jpg\"><img loading=\"lazy\" decoding=\"async\" width=\"1024\" height=\"572\" class=\"wp-image-1016\" src=\"https:\/\/gerichtsmuseum.com\/wp-content\/uploads\/2024\/02\/arbeitswelt_2024-1024x572.jpg\" alt=\"\" srcset=\"https:\/\/gerichtsmuseum.com\/wp-content\/uploads\/2024\/02\/arbeitswelt_2024-1024x572.jpg 1024w, https:\/\/gerichtsmuseum.com\/wp-content\/uploads\/2024\/02\/arbeitswelt_2024-300x168.jpg 300w, https:\/\/gerichtsmuseum.com\/wp-content\/uploads\/2024\/02\/arbeitswelt_2024-768x429.jpg 768w, https:\/\/gerichtsmuseum.com\/wp-content\/uploads\/2024\/02\/arbeitswelt_2024.jpg 1400w\" sizes=\"auto, (max-width: 1024px) 100vw, 1024px\" \/><\/a>\n<figcaption class=\"wp-element-caption\">Innenansicht T\u00e4tigkeitsbereiche<\/figcaption>\n<\/figure>\n<p><!-- \/wp:image --><\/p>\n<p><!-- wp:paragraph --><\/p>\n<p><!-- \/wp:paragraph --><\/p>\n<p><!-- wp:table {\"hasFixedLayout\":true,\"style\":{\"typography\":{\"fontSize\":\"14px\"},\"elements\":{\"link\":{\"color\":{\"text\":\"var:preset|color|black\"}}}},\"textColor\":\"black\",\"className\":\"is-style-regular\"} --><\/p>\n<figure class=\"wp-block-table is-style-regular\" style=\"font-size: 14px;\">\n<table class=\"has-black-color has-text-color has-link-color has-fixed-layout\" style=\"height: 441px;\" width=\"1025\">\n<tbody>\n<tr>\n<td><img loading=\"lazy\" decoding=\"async\" class=\"alignnone wp-image-1264 size-full\" style=\"width: 250px;\" src=\"https:\/\/gerichtsmuseum.com\/wp-content\/uploads\/2024\/10\/flyer_klein_2024.jpg\" alt=\"\" width=\"483\" height=\"897\" srcset=\"https:\/\/gerichtsmuseum.com\/wp-content\/uploads\/2024\/10\/flyer_klein_2024.jpg 483w, https:\/\/gerichtsmuseum.com\/wp-content\/uploads\/2024\/10\/flyer_klein_2024-162x300.jpg 162w\" sizes=\"auto, (max-width: 483px) 100vw, 483px\" \/><\/td>\n<td data-wp-editing=\"1\">\n<p>Flyer des Gerichtsmuseums<\/p>\n<p><a href=\"https:\/\/www.gerichtsmuseum.de\/download\/Gerichtsmuseum_flyer_sept_2024.pdf\" target=\"_blank\" rel=\"noreferrer noopener\" data-wplink-url-error=\"true\"><img loading=\"lazy\" decoding=\"async\" class=\"alignnone\" src=\"https:\/\/www.gerichtsmuseum.de\/pdf.gif\" alt=\"\" width=\"40\" height=\"38\" \/><\/a><a href=\"https:\/\/gerichtsmuseum.de\/download\/Gerichtsmuseum_flyer_sept_2024.pdf\"><span style=\"color: #333333;\">Download Prospekt..<\/span><\/a><span style=\"color: #333333;\">.<\/span><\/p>\n<\/td>\n<\/tr>\n<\/tbody>\n<\/table>\n<\/figure>\n<p><!-- \/wp:table --><\/p>\n<p><!-- wp:table {\"style\":{\"elements\":{\"link\":{\"color\":{\"text\":\"var:preset|color|black\"}}},\"typography\":{\"fontSize\":\"16px\"}},\"backgroundColor\":\"cyan-bluish-gray\",\"textColor\":\"black\",\"className\":\"is-style-regular\"} --><\/p>\n<figure class=\"wp-block-table is-style-regular\" style=\"font-size: 16px;\">\n<table class=\"has-black-color has-cyan-bluish-gray-background-color has-text-color has-background has-link-color\">\n<tbody>\n<tr>\n<td><img loading=\"lazy\" decoding=\"async\" width=\"300\" height=\"207\" class=\"wp-image-232\" style=\"width: 300px;\" src=\"https:\/\/gerichtsmuseum.com\/wp-content\/uploads\/2022\/01\/amtsgericht_alt.jpg\" alt=\"\" \/><\/td>\n<td><strong><a href=\"https:\/\/www.gerichtsmuseum.de\/download\/chronik_amtsgericht.pdf\" target=\"_blank\" rel=\"noreferrer noopener\" data-type=\"link\" data-id=\"https:\/\/www.gerichtsmuseum.de\/download\/chronik_amtsgericht.pdf\">Mehr zur Chronik des Geb\u00e4udes als pdf-Datei<\/a><\/strong><\/td>\n<\/tr>\n<\/tbody>\n<\/table>\n<\/figure>\n<p><!-- \/wp:table --><\/p>\n<p><!-- wp:paragraph {\"fontSize\":\"medium\"} --><\/p>\n<p class=\"has-medium-font-size\">Das heutige Amtsgerichtsgeb\u00e4ude wurde 1846 als Rat- und Schulhaus gebaut. 1889 zog das Amtsgericht in das Geb\u00e4ude ein.<\/p>\n<p><!-- \/wp:paragraph --><\/p>\n<p><!-- wp:paragraph --><\/p>\n<p><!-- \/wp:paragraph --><\/p>\n<p><!-- wp:paragraph --><\/p>\n<p><!-- \/wp:paragraph --><\/p>\n<p><!-- wp:paragraph --><\/p>\n<p><!-- \/wp:paragraph --><\/p>","protected":false},"excerpt":{"rendered":"<p>Justitia &#8211; Symbol der Gerechtigkeit. Bronzestatue Ende 19. Jahrhundert (justitia &#8211; lat. = Gerechtigkeit).\u00a0 Dieses in Deutschland einzigartige Museum zeigt auf \u00fcber 300 qm Fl\u00e4che Requisiten aus der Justizgeschichte. Historische [&hellip;]<\/p>\n","protected":false},"author":1,"featured_media":0,"parent":0,"menu_order":0,"comment_status":"closed","ping_status":"closed","template":"custom-page.php","meta":{"footnotes":""},"class_list":["post-47","page","type-page","status-publish","czr-hentry"],"_links":{"self":[{"href":"https:\/\/gerichtsmuseum.com\/index.php?rest_route=\/wp\/v2\/pages\/47","targetHints":{"allow":["GET"]}}],"collection":[{"href":"https:\/\/gerichtsmuseum.com\/index.php?rest_route=\/wp\/v2\/pages"}],"about":[{"href":"https:\/\/gerichtsmuseum.com\/index.php?rest_route=\/wp\/v2\/types\/page"}],"author":[{"embeddable":true,"href":"https:\/\/gerichtsmuseum.com\/index.php?rest_route=\/wp\/v2\/users\/1"}],"replies":[{"embeddable":true,"href":"https:\/\/gerichtsmuseum.com\/index.php?rest_route=%2Fwp%2Fv2%2Fcomments&post=47"}],"version-history":[{"count":104,"href":"https:\/\/gerichtsmuseum.com\/index.php?rest_route=\/wp\/v2\/pages\/47\/revisions"}],"predecessor-version":[{"id":1405,"href":"https:\/\/gerichtsmuseum.com\/index.php?rest_route=\/wp\/v2\/pages\/47\/revisions\/1405"}],"wp:attachment":[{"href":"https:\/\/gerichtsmuseum.com\/index.php?rest_route=%2Fwp%2Fv2%2Fmedia&parent=47"}],"curies":[{"name":"wp","href":"https:\/\/api.w.org\/{rel}","templated":true}]}}